n**2. Let h(c) be the first derivative of f(c). Give h(5).
16
Let q = -709 + 699. Let g(u) = -u**3 - 10*u**2 + 3*u + 26. Give g(q).
-4
Suppose -3*q = 0, r - 3*q + 8*q - 5 = 0. Suppose -1 = 5*o + 24. Let j(a) = -a**2 + 10*a + 2. Let l(m) = m + 1. Let h(d) = o*l(d) + j(d). Calculate h(r).
-3
Let t(z) be the second derivative of -1/6*z**3 - 5/12*z**4 + 0 - 1/20*z**5 + 212*z + z**2. Let m be 6/15 + 27/(-5). Give t(m).
7
Let j(f) = 2*f**2 - 15*f + 88. Let q(o) = -o**2 + 6*o - 42. Let v(x) = -3*j(x) - 5*q(x). What is v(10)?
-4
Suppose -5*p - 9*i = -i + 43, 2*p + 38 = 2*i. Let b(u) = -u**3 - 15*u**2 + u - 5. Determine b(p).
-20
Let k(y) = y**3 + 6*y**2 + 6*y + 9. Let p be k(-5). Let f(g) be the third derivative of -5*g**4/24 + g**3/6 - 2*g**2 + 102. Calculate f(p).
-19
Suppose 6*w = 8*w - 3*c + 12, 5*w - 2*c + 41 = 0. Let a(n) = -44*n + 13 - 4*n + 46*n. What is a(w)?
31
Suppose x - 4*u = 114 - 121, 0 = -3*x - 2*u + 7. Let g(o) = 1. Let i(j) = -9*j + 6. Let b(p) = 6*g(p) - i(p). Calculate b(x).
9
Let x be 2/(-6) + (-12)/(-9). Let k(a) = -12*a - 418. Let d be k(-35). Let n(q) = 147*q**3 - 309*q**3 + d*q**2 + 161*q**3. What is n(x)?
1
Let d be (-6)/(1 + 2 + -5). Suppose d*b - t = 4*b - 10, -t + 15 = 2*b. Suppose -3*m = b*h - 5, h + 1 + 20 = -5*m. Let n(w) = -w**3 - 5*w**2 - 3. Give n(m).
-3
Let j(t) = -t**2. Let k be j(0). Let w(s) = -11. Suppose 81*b = 86*b - 5. Let y(m) = m**2 + m - 1. Let z(a) = b*w(a) - y(a). Give z(k).
-10
Suppose -4*n + 77 - 902 = 71*n. Let r(b) = 20*b + 225. Give r(n).
5
Let q(x) be the second derivative of 2*x**2 + 1/20*x**5 + 0 - 5/12*x**4 - 48*x - x**3. Let c be q(6). Let s(t) = -t**3 + 4*t**2 + 4*t + 1. Calculate s(c).
17
Let z(l) = 7*l - 117. Let m be z(27). Let g = 66 - m. Let f(s) = s**3 + 12*s**2 - 2*s + 1. Let o(w) = -w**2 - 1. Let h(n) = f(n) + 6*o(n). What is h(g)?
7
Let s(q) = q**2 + 9*q + 7. Let m(x) = -x**3 + 19*x**2 - 18*x - 1. Let d be m(18). Let o be (12 - 9) + d + (-32 - 0). Let z = o - -23. Determine s(z).
-7
Suppose -2880 = -28*s + 44*s - 176*s. Let u(i) = 6*i - 107. Calculate u(s).
1
Let h(u) be the third derivative of 11/6*u**3 + 5*u**2 - 1 + 0*u - 1/24*u**4. Give h(11).
0
Let w(s) = 2*s - 1. Let t = 48 - 54. Let n be 4/6 + 4/t. Suppose n = 3*y - 2*y - z, -4*y - z - 15 = 0. Determine w(y).
-7
Let s(a) = -3*a - 20. Let t(n) = n**3 + 31*n**2 - 69*n - 92. Let w be t(-33). Give s(w).
-41
Let s(a) be the first derivative of -a**3 - 7*a**2/2 + 2*a + 1717. What is s(-4)?
-18
Suppose -143 = -0*z - 13*z. Let r(j) = 2 - 1 - 14 + z + j**2. Calculate r(2).
2
Let d(b) = 23*b**3 + 13*b**2 + 22*b + 69. Let s(a) = 13*a**3 + 6*a**2 + 11*a + 36. Let t(z) = 4*d(z) - 7*s(z). Determine t(-9).
6
Suppose -4*k + 95 = 67. Let x(z) = -z - 2 - k - 8*z**2 - 15 + 1. Let r(n) = 3*n**2 + 8. Let a(l) = -11*r(l) - 4*x(l). What is a(4)?
4
Let u(g) be the first derivative of -g**4/2 + 6*g**3 + 4*g**2 - 75*g - 2249. Give u(9).
-3
Let r(m) be the first derivative of 3*m**2/2 + 52*m - 303. Calculate r(-20).
-8
Let j(v) = -22*v**2 + 25*v + 13. Let u(r) be the second derivative of -5*r**4/12 + r**3 + 3*r**2/2 - 67*r. Let q(w) = -2*j(w) + 9*u(w). What is q(5)?
-4
Let z(d) = 7 + 4*d**2 + 849033*d - 849035*d - 6*d**2. Determine z(-7).
-77
Let m(p) = -18*p**2 - p. Let g(r) = 10 + 17*r - 46 - 23*r - 31*r. Let t be g(-1). Determine m(t).
-19
Suppose 0 = 16*g - 22 + 6. Let p(w) = -w**3 - 8*w**2 + 2*w - 5. Let h(l) = -l**2 + l. Let u(m) = g*p(m) - 3*h(m). Determine u(-5).
0
Let j be 9/((6/(-15))/((-30)/(-75))) - -1. Let k(h) = -h**3 - 9*h**2 - 14*h - 20. Calculate k(j).
28
Let n(f) be the third derivative of -2*f**2 + 1/12*f**4 - 2/15*f**5 - 16*f + 0 - 1/120*f**6 + f**3. What is n(-8)?
-10
Let f(t) = -t**3 + 15*t**2 - 16*t + 34. Suppose -30*o - 25*o + 770 = 0. What is f(o)?
6
Let g(a) be the third derivative of a**4/8 - 17*a**3/6 + 2*a**2 + 931. Calculate g(7).
4
Let l(w) = -w**3 + 5*w**2 - 9*w + 7. Let x = 26 - 24. Let z(c) = -c - x - 5 + 0 + 8. Let n(s) = l(s) - 3*z(s). What is n(4)?
-4
Let t(k) = k**3 - 13*k**2 + 13*k + 5. Let m(r) = r**3 + 75*r**2 - 46*r + 2292. Let i be m(-76). Give t(i).
17
Let g(b) = -b**3 + 9*b**2 + 5*b - 109. Let k = -3046 - -3054. Give g(k).
-5
Let x(n) = -n**2 - 8*n - 8. Suppose 0 = 2*k + 17*k - 27 + 141. Give x(k).
4
Let t = 20 - 19. Suppose 0 = 2*v - 127 + 113. Let l(u) = -3*u**2 + 9*u**2 + v*u**2. Calculate l(t).
13
Suppose k + 8 = 3. Let b(i) = -i**3 - 5*i**2 + 3. Let l be b(k). Let f(j) = -3 + 2*j**3 + 2*j**3 - j**l - 4*j**3 - 5*j**2. Calculate f(-5).
-3
Let l(h) = h**2 - 10*h + 5. Suppose 0 = 2*f + 3*c - 138, 6*f - 2*f + c - 266 = 0. Suppose -6*j - 42 + f = 0. Give l(j).
-19
Let n(i) = i**2 - i - 8. Let l be n(4). Suppose -l*w = 34 - 182. Let v = w - 30. Let g(f) = f - 7. Calculate g(v).
0
Suppose -25*x = -60*x - 31*x - 660. Let y(f) = -f**3 - 10*f**2 + 7. Give y(x).
7
Let l be ((-15)/(-6) + -3)/(2/(-24)). Let k(a) be the third derivative of a**6/120 - a**5/12 - 5*a**4/24 - 4*a**3/3 - 9*a**2 + 9*a. Calculate k(l).
-2
Let k(y) = 3*y**3 - 2*y**2 - 3*y + 4*y**2 + 2*y**3. Let a be 28/7 - (7 + 5 - 10). What is k(a)?
42
Let m(c) = 4*c**3 - 5*c**2 - 33*c + 4. Let z(i) = 2*i**3 - 15*i - 1 + 3 - 33*i**2 + 56*i**2 - 25*i**2. Let q(y) = 4*m(y) - 9*z(y). What is q(2)?
-20
Let r = -10 - -8. Let j(d) be the second derivative of 5*d**3/3 + 5*d**2/2 + d + 306. Calculate j(r).
-15
Suppose -28*m + 26*m - 17 = -3*r, 2*r - 3*m = 3. Let p(x) = 9*x - 93. What is p(r)?
-12
Let x(p) be the second derivative of p**4/12 - 8*p**3/3 + 37*p**2/2 + 4*p - 1. Determine x(10).
-23
Let v(k) = k**2 + 89*k - 15 + 1 + 85*k - 165*k. Let r be v(-9). Let i = r + 15. Let t(a) = 4*a**2 - a + 1. What is t(i)?
4
Let k(b) = -7*b. Let z be 18744/60 + (-2)/5. Let d = -313 + z. Give k(d).
7
Let k(q) be the second derivative of 2*q**3/3 - 40*q**2 + 664*q - 2. Calculate k(21).
4
Let p(m) = -m**2 + 13*m - 27. Suppose -4*g - 4*f + 54 = -3*f, -5*f = -3*g + 29. Suppose -15 = -g*l + 115. Calculate p(l).
3
Let t(b) be the second derivative of -3*b**4/2 - b**3/6 + 185*b. Suppose 0 = 4*h - 2*n, 8*n + 6 = 11*n. Give t(h).
-19
Let p(l) = l**3 - 4*l**2 + 3*l - 4. Let i be p(4). Let s(q) = q - q**3 - 21 + 7*q**2 - q + 4*q + 3*q + 28. Calculate s(i).
-1
Let f be 1 - 0/5 - (-2 + -3). Let g(h) = 392*h**3 + f*h**2 - 4 + h**2 - 391*h**3. Give g(-7).
-4
Let a(s) = 3*s - 25. Let l be a(10). Suppose -l*g = 4*b - 3*b + 116, -b + 52 = -2*g. Let n = 22 + g. Let v(o) = -o**3 + o**2 + 3*o + 2. What is v(n)?
8
Let n be (-1 - 2)/(9 + -14 + 8)*4. Let l(t) = -13*t + 8. Give l(n).
60
Let y be ((-2)/(-3))/(24/576). Suppose -k + 4*h = -y, -4*k - 15*h + 31 = -20*h. Let b(d) = -d**2 - 2. Give b(k).
-18
Suppose 2*z - 30 = -26. Let g(s) = 18 - 14*s + z*s - 7*s + 19*s - s. Determine g(0).
18
Let s(i) = 14 + 51 + 10680*i + 23 - 10672*i. Calculate s(-11).
0
Let l = 27076 - 27091. Let s(q) = q**3 + 18*q**2 + 44*q - 4. Determine s(l).
11
Let a(t) be the third derivative of 2*t**4/3 - 133*t**3/6 + 24*t**2 + 30. Determine a(7).
-21
Let a(f) = -f**2 - 2*f - 3. Let l be (-1 + 6)*(-63 + 62). What is a(l)?
-18
Let u(a) = 6*a**3 + 71*a**2 + 8. Let g(b) = 20*b**3 + 247*b**2 + b + 27. Let r(p) = -2*g(p) + 7*u(p). Let n = 2 - 0. Determine r(n).
26
Let q(s) = -s**3 - 21*s**2 - 19*s + 29. Let b(c) = 3*c**3 + 14*c**2 - 22*c - 50. Let n be b(-8). Let k = -534 - n. What is q(k)?
9
Let s(f) = -4*f**2 - 15*f + 92. Let u(w) = -w**2 + w + 7. Let h(j) = s(j) - 5*u(j). What is h(18)?
21
Let l(t) = 4*t**2 + 5 + 3 + 12*t - 7*t**2 + 4*t**2. Let v(q) = -q**3 + 5*q**2 + q - 16. Let m be v(5). Let j be l(m). Let p(h) = 6*h + 3. What is p(j)?
-15
Let r(a) = -a**2 - 28*a - 45. Let b be r(-26). Let q be b/(147/14)*6/(-4). Let u(l) = -4*l**3 + l**2 + l + 1. Give u(q).
5
Let v = 526 + -524. Let o(r) = -61 + 30 + r - 2*r + r**3 + 25 - r**2 + 7*r**v. Calculate o(-7).
-48
Let p(h) = -1 + 4*h + 2*h - 3*h. Let v(k) = -k**2 + 23*k - 97. Let o be v(6). Suppose 2*b + 38 = -4*x + 16, 5*b = -o*x - 30. What is p(x)?
-16
Let p(c) = -c + 3. Let a(x) be the third derivative of -x**5/60 + 5*x**4/24 + 10*x**3/3 - 17*x**2. Let d(z) = -a(z) + 6*p(z). Calculate d(8).
-26
Let m(f) be the second derivative of f**3 - 10*f**2 + 1191*f. Determine m(6).
16
Let c = -5501 + 5496. Let x(a) = -18*a - 55. What is x(c)?
35
Let z(u) = -61*u - 59. Let h be z(-5). Let c 